m(-70)?
2, 23, 107
Suppose 0 = -10*c + 5*c + 20. Let a be (-1 + 7/c)*4. What are the prime factors of a/2 + 73/2?
2, 19
Let v(c) = c**2 - 70*c + 185. What are the prime factors of v(0)?
5, 37
Let y be (-14)/(-35) - (3126/(-5))/2. Let c = -94 + y. List the prime factors of c.
3, 73
Let z = 1289 + -422. List the prime factors of z.
3, 17
Suppose -2*b = -g + 76, -b + 4*g = 4 + 27. Let c = -20 - b. Suppose -c = -a - 0*a. List the prime factors of a.
19
Suppose 637 = 3*m + 2*m - 3*l, -2*m + 2*l = -254. Suppose -5*k + 22 = -m. List the prime factors of k.
2, 3, 5
Let p(c) = c**2 + 10*c - 19. Let k be p(5). Let s = k - 20. List the prime factors of s.
2, 3
Let t(g) = -g**3 - 4*g**2 - 2*g + 1. Let r be t(-5). Suppose -2*l + r = -8. What are the prime factors of l?
2, 11
What are the prime factors of 2428/10 + ((-12)/10)/(-6)?
3
List the prime factors of 1*(0 + 7) - (-665 + -35).
7, 101
Let q be 27/(-108) + 17/4. Suppose 10 = q*i + 5*j, i + 2*j - 4 = -i. Let l(c) = -2*c + 48. List the prime factors of l(i).
2, 3
Let m(x) = -2*x + 4. Let w be m(7). Let j = 47 - 57. What are the prime factors of j/w*(7 + -1)?
2, 3
Suppose 8*w - 42 = w. Let h(x) = x**2 - 2*x - 14. Let o be h(w). List the prime factors of 4088/70 - (-6)/o.
59
Let o(l) = l**2 + 9*l - 24. Let p be o(-11). Let c = p - -62. List the prime factors of c.
2, 3, 5
Suppose 9*d - 15923 - 2644 = 0. List the prime factors of d.
2063
Let q = 7 - 4. Suppose -2*t - q*t - 75 = 0. Let y = 47 + t. What are the prime factors of y?
2
Let l(t) = 0 - 5*t + 0*t + t**2 + 8. List the prime factors of l(-5).
2, 29
Suppose -123*q - 10 = -128*q. Suppose 3*s = -5*k - 0*s + 621, -3*k = -q*s - 365. What are the prime factors of k?
3, 41
Let r(f) be the first derivative of -f**3/3 - 2*f**2 + 5*f + 4. What are the prime factors of r(-4)?
5
Suppose 5*x + h = -194, 0 = 4*x - 4*h - h + 132. Let w = 6 - x. What are the prime factors of w?
2, 11
What are the prime factors of (-60)/(-4)*(4552/24 + 2)?
5, 23
Let y = -46 + 48. Suppose -y*h - 20 = -g + 2, -170 = -5*g - 2*h. What are the prime factors of g?
2
Let d = 25 - 23. Suppose 2*m - 42 = -0*l - d*l, 0 = 2*m + l - 37. What are the prime factors of m?
2
Let a be (4 + -1)*14/21. Suppose 0 = -0*g - a*g - 28. Let h = -7 - g. List the prime factors of h.
7
Let f = -8 + 13. Suppose 0*h - f*h = 15. List the prime factors of (h/4)/((-2)/16).
2, 3
Let o = 26 + -21. Suppose -496 = -o*j - 6. What are the prime factors of j?
2, 7
Let v = -120 - -125. Suppose -b = 3*b + z - 920, -v*b + 1163 = -2*z. What are the prime factors of b?
3, 7, 11
Let h(y) be the first derivative of -3*y**2/2 - 13*y + 25. What are the prime factors of h(-18)?
41
Let v(d) = d**2 - d - 1. Let r(w) = w**2 - 17*w - 5. Let l(s) = r(s) - 3*v(s). List the prime factors of l(-6).
2, 5
Let x(p) = 2*p**2 + 5*p + 1. Suppose 2*l + 2*l = -16. What are the prime factors of x(l)?
13
Let c be (-4)/(-3)*(-20 - -23). Suppose -4*g + c*u + 5 = -27, 0 = g + 2*u - 8. List the prime factors of 50 + 4/g*-2.
7
Let p(n) = -n**3 - n**2 + 2*n + 1. Let g(s) = -5*s**3 - 4*s**2 + 10*s + 4. Let r = 4 + 7. Let k(v) = r*p(v) - 2*g(v). What are the prime factors of k(-4)?
11
Let y(h) = h**3 - h**2 - 5*h + 4. Let t be y(3). Suppose 0 = 2*r - t*r - 30. Let o = 31 + r. What are the prime factors of o?
5
Suppose 2*n = -4*o - 143428, -4*o + n - 141397 = 2025. What are the prime factors of o/(-408) - 2/(-17)?
2, 11
Let n be (-2 + 1)/((-4)/12). Suppose -4*d + 7 = 3*k, 0 = 4*k - n*d - 0*d - 26. Let x = 8 - k. List the prime factors of x.
3
Let u = -40 - -76. List the prime factors of (0 - (u + 0))*-1.
2, 3
Let a = 16 - 13. Suppose 2*u = 95 + a. List the prime factors of u.
7
Suppose 5*z - 29 = -4*n - 9, -10 = -2*z - 2*n. Suppose -b + 14 = -z. List the prime factors of b.
2, 7
Let t(o) = -4*o + 9. Let m(h) = -4*h**3 + 4*h**2 - 6*h - 1. Let b(r) = -r**2 + r. Let p(q) = -4*b(q) - m(q). Let y be p(-1). List the prime factors of t(y).
29
Let l(u) = u**2 - u + 1. Let d be l(2). Let q(z) = 31*z - 6. Let v be q(d). Suppose 4*p + 15 = v. What are the prime factors of p?
2, 3
Let y(u) = -2*u. Let k be y(-9). What are the prime factors of 27/k - (-175)/2?
89
Let n = -1168 - -3000. List the prime factors of n.
2, 229
Let r = 8 - -2. Suppose -144 = -13*d + r*d. What are the prime factors of d?
2, 3
Suppose 2*c = 5*v - 11, 3*c + 2*c = 4*v - 2. Suppose c*m - 1 = 15. Suppose 2*s - m - 32 = 0. List the prime factors of s.
2, 5
Let f be (-1)/(((-12)/3)/16). Let p(z) = 2*z - 8 + 0 + f. What are the prime factors of p(6)?
2
What are the prime factors of 3393/12 + 2/8?
283
Suppose 16*u = 20*u - 4*i - 2108, 2080 = 4*u + 3*i. What are the prime factors of u?
523
Let b = -41 - -55. Suppose 0*y = -y + 5*f + 49, 5*f = 3*y - 197. Suppose b - y = -3*a. What are the prime factors of a?
2, 5
Let i(h) = -2*h + 15. Let y be i(6). List the prime factors of y*8/(-6)*(-246)/12.
2, 41
Let a be (-27)/(-12)*8/6. Suppose 2*y = 2*c + 6, -5*y = -a*c - 5 - 4. Suppose -5*i + 2*i + 39 = y. List the prime factors of i.
13
Let u = -296 - -464. Let h be (-4)/30 + u/(-90). List the prime factors of 12/(-24) - 33/h.
2
Let i(m) = -12*m**3 + 11*m**2 + m + 4. What are the prime factors of i(-3)?
2, 53
Let v be 3/6*(-10)/(-5). Let z be v/(-2)*(-7 + 9). Let r = z + 5. What are the prime factors of r?
2
Let o = 13 - 8. Let r(i) = 4*i - 4. Let u be r(o). Let a = u + 2. List the prime factors of a.
2, 3
Suppose -4*l = -4*k - 12, -2*k = -3*l - k + 3. Suppose -3*n + 1 + 2 = l. List the prime factors of (-2)/1 + n - -10.
3
Let b(t) = -16*t + 9. Let f(r) = r**2 - 9*r + 13. Let m be f(6). What are the prime factors of b(m)?
89
Let s be ((-8)/2)/((-1 - 3) + 5). What are the prime factors of (-15 - -59)*(-7)/s?
7, 11
What are the prime factors of -19 + 842 + 1/2*0?
823
Let p(x) = 29*x**2 + x - 1. Let b be (-2)/(-4)*-5*-2. Suppose 2*k = 3*z + 1, 3*k = 5*z - 4*z + b. What are the prime factors of p(z)?
29
Suppose -2*j = -5*o - 3, -2*j + j = -5*o + 1. Let x = 2 + -6. What are the prime factors of ((-116)/16)/(o/x)?
29
Suppose 5*c = 2*n - 4*n + 5, -4*n = 2*c - 2. Suppose n = 2*y - 24 - 0. Suppose j - y = 5. What are the prime factors of j?
17
Suppose 0 = 3*x + 757 - 5302. What are the prime factors of x?
3, 5, 101
Suppose 5*p - 1323 = 2*c, 0 = -2*p - 12*c + 14*c + 528. What are the prime factors of p?
5, 53
Let d = 80 - 74. Suppose 266 = 16*b - d. What are the prime factors of b?
17
Let l = 123 + 511. List the prime factors of l.
2, 317
Let g(n) = -195*n**3 + 3*n**2 + 3*n + 1. What are the prime factors of g(-1)?
2, 7
Suppose 2*b + 127 + 85 = z, 3*z = b + 661. What are the prime factors of z?
2, 3, 37
Let w = -6 + 10. List the prime factors of (6/(-4))/(w - (-25)/(-6)).
3
What are the prime factors of (12/84)/((-150588)/(-75292) + -2)?
2689
Let f = -267 - -142. Let m = -96 - -11. Let a = m - f. List the prime factors of a.
2, 5
Suppose 40*p + 15 = 45*p. Suppose 2*m = -p*m + 410. List the prime factors of m.
2, 41
Suppose -o - l = -7, 6*o + 2*l = 2*o + 24. Suppose -o*h + 2*h + 240 = 0. What are the prime factors of h?
2, 5
Let h = 14 + -12. Suppose 2*u = 3*f - 697, 0*u = h*f + 3*u - 482. Suppose 0 = -4*s + 37 + f. List the prime factors of s.
2, 17
Let l(k) = -k**3 + 48*k**2 - 84*k - 95. List the prime factors of l(46).
3, 7, 13
What are the prime factors of 1/5 + 126192/165?
3, 5, 17
Let b(j) = 22*j**2 - 7*j + 14. What are the prime factors of b(7)?
7, 149
Let u(c) = 2*c + 28. Let k(n) = 2*n + 27. Let s(d) = -4*k(d) + 3*u(d). Let q be s(-12). Suppose y - 34 - 15 = q. List the prime factors of y.
7
Suppose 3*m - 24 = -3*f, 5*m = 4*f - 5*f + 24. Suppose -3*b - m*p = -238, 5*p = -5*b + 258 + 137. Suppose 3*q - 12 = b. List the prime factors of q.
2, 3, 5
Let n(f) = 175*f + 160. What are the prime factors of n(6)?
2, 5, 11
Let c be 5 + (-19)/4 - (-38)/8. Suppose -4*t + 354 = 2*i, 168 = -2*i + 3*i + c*t. What are the prime factors of i?
3, 61
What are the prime factors of 23*((-4)/(-30) - (-292)/60)?
5, 23
Suppose 74*n - 864 - 57004 = 0. What are the prime factors of n?
2, 17, 23
Let w(d) = -5 - 3*d**2 - 5*d**2 + 2*d**2 + 7*d**2 - 2*d. Let q be w(7). Suppose 2*b - q = -0. List the prime factors of b.
3, 5
Suppose -48*s + 45*s = -12, -t - 5*s + 503 = 0. What are the prime factors of t?
3, 7, 23
Let s(d) = d**2 - 63*d + 359